{"id":1980,"date":"2021-06-20T11:05:06","date_gmt":"2021-06-20T16:05:06","guid":{"rendered":"https:\/\/hqecolombia.co\/hqeweb\/?page_id=1980"},"modified":"2021-08-03T11:31:26","modified_gmt":"2021-08-03T16:31:26","slug":"politica-de-tratamiento-de-datos","status":"publish","type":"page","link":"https:\/\/hqecolombia.co\/hqeweb\/politica-de-tratamiento-de-datos\/","title":{"rendered":"Pol\u00edtica de Tratamiento de Datos"},"content":{"rendered":"\t\t<div data-elementor-type=\"wp-page\" data-elementor-id=\"1980\" class=\"elementor elementor-1980\" data-elementor-settings=\"[]\">\n\t\t\t\t\t\t<div class=\"elementor-inner\">\n\t\t\t\t\t\t\t<div class=\"elementor-section-wrap\">\n\t\t\t\t\t\t\t<section class=\"elementor-section elementor-top-section elementor-element elementor-element-40113101 elementor-section-boxed elementor-section-height-default elementor-section-height-default\" data-id=\"40113101\" data-element_type=\"section\">\n\t\t\t\t\t\t<div class=\"elementor-container elementor-column-gap-default\">\n\t\t\t\t\t\t\t<div class=\"elementor-row\">\n\t\t\t\t\t<div class=\"elementor-column elementor-col-100 elementor-top-column elementor-element elementor-element-31bdd3b0\" data-id=\"31bdd3b0\" data-element_type=\"column\">\n\t\t\t<div class=\"elementor-column-wrap elementor-element-populated\">\n\t\t\t\t\t\t\t<div class=\"elementor-widget-wrap\">\n\t\t\t\t\t\t<div class=\"elementor-element elementor-element-40d873fe elementor-widget elementor-widget-text-editor\" data-id=\"40d873fe\" data-element_type=\"widget\" data-widget_type=\"text-editor.default\">\n\t\t\t\t<div class=\"elementor-widget-container\">\n\t\t\t\t\t<div class=\"elementor-text-editor elementor-clearfix\"><p><!-- wp:paragraph --><\/p>\n<p><strong>HQE S.A.S<\/strong>., identificada con NIT 830.068.550 &#8211; 3 y con domicilio principal en la ciudad de Bogot\u00e1 D.C. (Colombia) se permite informar:<\/p>\n<p>Que en cumplimiento de la Ley Estatutaria <strong>1581 de 2012<\/strong> por la cual se establece el R\u00e9gimen General de Protecci\u00f3n de Datos en Colombia y el Decreto Reglamentario 1377 de 2013, es responsable del tratamiento (recolecci\u00f3n, almacenamiento, uso, circulaci\u00f3n o supresi\u00f3n) de datos personales en desarrollo de su objeto misional, conforme a sus estatutos.<\/p>\n<p>Los titulares de datos personales tienen el derecho de conocer, actualizar, rectificar o suprimir frente a los responsables del tratamiento, la informaci\u00f3n recolectada en las bases de datos o archivos, en los t\u00e9rminos establecidos en las normas vigentes y en la Pol\u00edtica de Tratamiento de Datos Personales, las cuales podr\u00e1n ser consultadas a continuaci\u00f3n.<\/p>\n<p>Las finalidades del tratamiento de los datos personales que actualmente tiene <strong>HQE S.A.S.<\/strong> son los siguientes:<strong> 1)<\/strong> Desarrollar la misi\u00f3n de HQE S.A.S., conforme a sus estatutos.<strong> 2)<\/strong> Cumplir con la normatividad vigente en Colombia para las Instituciones del sector petr\u00f3leo y a las sociedades comerciales en general. <strong>3)<\/strong> Cumplir las normas aplicables a proveedores y contratistas, incluyendo, pero sin limitarse a las tributarias, comerciales o para ejecutar en debida forma la relaci\u00f3n contractual.<strong> 4)<\/strong> Cumplir lo dispuesto por el ordenamiento jur\u00eddico colombiano en materia laboral y de seguridad social, entre otras, aplicables a exempleados, empleados actuales y candidatos a futuro empleo. <strong>5)<\/strong> Realizar encuestas relacionadas con los servicios o bienes de <strong>HQE S.A.S. 6)<\/strong> Cumplir todos sus compromisos contractuales. Para el tratamiento de datos personales de ni\u00f1os, ni\u00f1as y adolescentes se proceder\u00e1 de acuerdo con lo contemplado en la presente pol\u00edtica en el aparte relacionado con los derechos de \u00e9stos.<strong> 7)<\/strong> Cumplir con los requisitos legales impuestos por juzgados y dem\u00e1s entes competentes para el desarrollo de procesos que involucren demandas o similares relacionadas con los trabajadores.<\/p>\n<p>Si requiere mayor informaci\u00f3n para conocer nuestra pol\u00edtica de tratamiento de datos personales y los cambios sustanciales que se produzcan en ella, consulte nuestra p\u00e1gina web.<\/p>\n<p>Agradecemos nos contacte en la eventualidad de requerir aclarar, actualizar, corregir o suprimir alguno de sus datos personales, siempre que sea procedente con la legislaci\u00f3n aplicable. Para este fin, los canales de comunicaci\u00f3n establecidos son la l\u00ednea telef\u00f3nica en Bogot\u00e1 (+57) 3001021, y\/o al correo electr\u00f3nico <span style=\"color: #0000ff;\">habeasdata@hqecolombia.co<\/span><\/p>\n<p><!-- \/wp:paragraph --><\/p><\/div>\n\t\t\t\t<\/div>\n\t\t\t\t<\/div>\n\t\t\t\t\t\t<\/div>\n\t\t\t\t\t<\/div>\n\t\t<\/div>\n\t\t\t\t\t\t\t\t<\/div>\n\t\t\t\t\t<\/div>\n\t\t<\/section>\n\t\t\t\t\t\t<\/div>\n\t\t\t\t\t\t<\/div>\n\t\t\t\t\t<\/div>\n\t\t","protected":false},"excerpt":{"rendered":"<p>HQE S.A.S., identificada con NIT 830.068.550 &#8211; 3 y con domicilio principal en la ciudad de Bogot\u00e1 D.C. (Colombia) se permite informar: Que en cumplimiento de la Ley Estatutaria 1581 de 2012 por la cual se establece el R\u00e9gimen General de Protecci\u00f3n de Datos en Colombia y el Decreto Reglamentario 1377 de 2013, es responsable &hellip;<\/p>\n<p class=\"read-more\"> <a class=\"\" href=\"https:\/\/hqecolombia.co\/hqeweb\/politica-de-tratamiento-de-datos\/\"> <span class=\"screen-reader-text\">Pol\u00edtica de Tratamiento de Datos<\/span> Read More &raquo;<\/a><\/p>\n","protected":false},"author":1,"featured_media":0,"parent":0,"menu_order":0,"comment_status":"closed","ping_status":"closed","template":"","meta":[],"_links":{"self":[{"href":"https:\/\/hqecolombia.co\/hqeweb\/wp-json\/wp\/v2\/pages\/1980"}],"collection":[{"href":"https:\/\/hqecolombia.co\/hqeweb\/wp-json\/wp\/v2\/pages"}],"about":[{"href":"https:\/\/hqecolombia.co\/hqeweb\/wp-json\/wp\/v2\/types\/page"}],"author":[{"embeddable":true,"href":"https:\/\/hqecolombia.co\/hqeweb\/wp-json\/wp\/v2\/users\/1"}],"replies":[{"embeddable":true,"href":"https:\/\/hqecolombia.co\/hqeweb\/wp-json\/wp\/v2\/comments?post=1980"}],"version-history":[{"count":4,"href":"https:\/\/hqecolombia.co\/hqeweb\/wp-json\/wp\/v2\/pages\/1980\/revisions"}],"predecessor-version":[{"id":1995,"href":"https:\/\/hqecolombia.co\/hqeweb\/wp-json\/wp\/v2\/pages\/1980\/revisions\/1995"}],"wp:attachment":[{"href":"https:\/\/hqecolombia.co\/hqeweb\/wp-json\/wp\/v2\/media?parent=1980"}],"curies":[{"name":"wp","href":"https:\/\/api.w.org\/{rel}","templated":true}]}}